{"id":1352,"date":"2013-09-04T12:10:33","date_gmt":"2013-09-04T12:10:33","guid":{"rendered":"http:\/\/impreza.us-themes.net\/home-parallax\/"},"modified":"2025-10-29T17:33:53","modified_gmt":"2025-10-29T20:33:53","slug":"inicio","status":"publish","type":"page","link":"https:\/\/asipla.cl\/capacitaciones\/","title":{"rendered":"Inicio"},"content":{"rendered":"<section class=\"l-section wpb_row height_auto\"><div class=\"l-section-h i-cf\"><div class=\"g-cols vc_row via_grid cols_1 laptops-cols_inherit tablets-cols_inherit mobiles-cols_1 valign_top type_default stacking_default\"><div class=\"wpb_column vc_column_container\"><div class=\"vc_column-inner\"><div class=\"w-image align_none\"><div class=\"w-image-h\"><img loading=\"lazy\" decoding=\"async\" width=\"1220\" height=\"580\" src=\"https:\/\/asipla.cl\/capacitaciones\/wp-content\/uploads\/2025\/10\/home.jpg\" class=\"attachment-full size-full\" alt=\"\" srcset=\"https:\/\/asipla.cl\/capacitaciones\/wp-content\/uploads\/2025\/10\/home.jpg 1220w, https:\/\/asipla.cl\/capacitaciones\/wp-content\/uploads\/2025\/10\/home-300x143.jpg 300w, https:\/\/asipla.cl\/capacitaciones\/wp-content\/uploads\/2025\/10\/home-1024x487.jpg 1024w\" sizes=\"auto, (max-width: 1220px) 100vw, 1220px\" \/><\/div><\/div><\/div><\/div><\/div><\/div><\/section><section class=\"l-section wpb_row height_auto\"><div class=\"l-section-h i-cf\"><div class=\"g-cols vc_row via_grid cols_1 laptops-cols_inherit tablets-cols_inherit mobiles-cols_1 valign_top type_default stacking_default\"><div class=\"wpb_column vc_column_container\"><div class=\"vc_column-inner\"><div class=\"w-separator size_medium\"><\/div><div class=\"wpb_text_column\"><div class=\"wpb_wrapper\"><p>En este minisitio se encuentra un consolidado de ofertas de cursos validadas y recomendadas por ASIPLA, que est\u00e1n dirigidas a la industria del pl\u00e1stico y segmentadas en dos \u00e1mbitos: capacitaciones en sostenibilidad y t\u00e9cnicas. Los invitamos a revisar las ofertas, donde encontrar\u00e1n un breve resumen del capacitador, los cursos que ofrecen y la informaci\u00f3n de contacto junto con el brochure\/sitio web del capacitador.<\/p>\n<\/div><\/div><div class=\"w-separator size_medium\"><\/div><\/div><\/div><\/div><\/div><\/section><section class=\"l-section wpb_row height_auto\"><div class=\"l-section-h i-cf\"><div class=\"g-cols vc_row via_grid cols_1 laptops-cols_inherit tablets-cols_inherit mobiles-cols_1 valign_top type_default stacking_default\"><div class=\"wpb_column vc_column_container\"><div class=\"vc_column-inner\"><div class=\"g-cols wpb_row via_grid cols_2 laptops-cols_inherit tablets-cols_inherit mobiles-cols_1 valign_top type_default stacking_default\"><div class=\"wpb_column vc_column_container\"><div class=\"vc_column-inner\"><div class=\"w-btn-wrapper align_center\"><a class=\"w-btn us-btn-style_1\" href=\"\/capacitaciones\/capacitaciones-en-sostenibilidad\/\"><span class=\"w-btn-label\">Capacitaciones en Sostenibilidad<\/span><\/a><\/div><\/div><\/div><div class=\"wpb_column vc_column_container\"><div class=\"vc_column-inner\"><div class=\"w-btn-wrapper align_center\"><a class=\"w-btn us-btn-style_31\" href=\"\/capacitaciones\/capacitaciones-tecnicas\/\"><span class=\"w-btn-label\">Capacitaciones T\u00e9cnicas<\/span><\/a><\/div><\/div><\/div><\/div><div class=\"w-separator size_medium\"><\/div><\/div><\/div><\/div><\/div><\/section>\n","protected":false},"excerpt":{"rendered":"En este minisitio se encuentra un consolidado de ofertas de cursos validadas y recomendadas por ASIPLA, que est\u00e1n dirigidas a la industria del pl\u00e1stico y segmentadas en dos \u00e1mbitos: capacitaciones en sostenibilidad y t\u00e9cnicas. Los invitamos a revisar las ofertas, donde encontrar\u00e1n un breve resumen del capacitador, los cursos que ofrecen y la informaci\u00f3n de...","protected":false},"author":1,"featured_media":0,"parent":0,"menu_order":0,"comment_status":"closed","ping_status":"open","template":"","meta":{"footnotes":""},"class_list":["post-1352","page","type-page","status-publish","hentry"],"_links":{"self":[{"href":"https:\/\/asipla.cl\/capacitaciones\/wp-json\/wp\/v2\/pages\/1352","targetHints":{"allow":["GET"]}}],"collection":[{"href":"https:\/\/asipla.cl\/capacitaciones\/wp-json\/wp\/v2\/pages"}],"about":[{"href":"https:\/\/asipla.cl\/capacitaciones\/wp-json\/wp\/v2\/types\/page"}],"author":[{"embeddable":true,"href":"https:\/\/asipla.cl\/capacitaciones\/wp-json\/wp\/v2\/users\/1"}],"replies":[{"embeddable":true,"href":"https:\/\/asipla.cl\/capacitaciones\/wp-json\/wp\/v2\/comments?post=1352"}],"version-history":[{"count":173,"href":"https:\/\/asipla.cl\/capacitaciones\/wp-json\/wp\/v2\/pages\/1352\/revisions"}],"predecessor-version":[{"id":9251,"href":"https:\/\/asipla.cl\/capacitaciones\/wp-json\/wp\/v2\/pages\/1352\/revisions\/9251"}],"wp:attachment":[{"href":"https:\/\/asipla.cl\/capacitaciones\/wp-json\/wp\/v2\/media?parent=1352"}],"curies":[{"name":"wp","href":"https:\/\/api.w.org\/{rel}","templated":true}]}}

<section class="l-section wpb_row height_auto"><div class="l-section-h i-cf"><div class="g-cols vc_row via_grid cols_1 laptops-cols_inherit tablets-cols_inherit mobiles-cols_1 valign_top type_default stacking_default"><div class="wpb_column vc_column_container"><div class="vc_column-inner"><div class="w-image align_none"><div class="w-image-h"><img loading="lazy" decoding="async" width="1220" height="580" src="https://asipla.cl/capacitaciones/wp-content/uploads/2025/10/home.jpg" class="attachment-full size-full" alt="" srcset="https://asipla.cl/capacitaciones/wp-content/uploads/2025/10/home.jpg 1220w, https://asipla.cl/capacitaciones/wp-content/uploads/2025/10/home-300x143.jpg 300w, https://asipla.cl/capacitaciones/wp-content/uploads/2025/10/home-1024x487.jpg 1024w" sizes="auto, (max-width: 1220px) 100vw, 1220px" /></div></div></div></div></div></div></section><section class="l-section wpb_row height_auto"><div class="l-section-h i-cf"><div class="g-cols vc_row via_grid cols_1 laptops-cols_inherit tablets-cols_inherit mobiles-cols_1 valign_top type_default stacking_default"><div class="wpb_column vc_column_container"><div class="vc_column-inner"><div class="w-separator size_medium"></div><div class="wpb_text_column"><div class="wpb_wrapper"><p>En este minisitio se encuentra un consolidado de ofertas de cursos validadas y recomendadas por ASIPLA, que están dirigidas a la industria del plástico y segmentadas en dos ámbitos: capacitaciones en sostenibilidad y técnicas. Los invitamos a revisar las ofertas, donde encontrarán un breve resumen del capacitador, los cursos que ofrecen y la información de contacto junto con el brochure/sitio web del capacitador.</p>
</div></div><div class="w-separator size_medium"></div></div></div></div></div></section><section class="l-section wpb_row height_auto"><div class="l-section-h i-cf"><div class="g-cols vc_row via_grid cols_1 laptops-cols_inherit tablets-cols_inherit mobiles-cols_1 valign_top type_default stacking_default"><div class="wpb_column vc_column_container"><div class="vc_column-inner"><div class="g-cols wpb_row via_grid cols_2 laptops-cols_inherit tablets-cols_inherit mobiles-cols_1 valign_top type_default stacking_default"><div class="wpb_column vc_column_container"><div class="vc_column-inner"><div class="w-btn-wrapper align_center"><a class="w-btn us-btn-style_1" href="/capacitaciones/capacitaciones-en-sostenibilidad/"><span class="w-btn-label">Capacitaciones en Sostenibilidad</span></a></div></div></div><div class="wpb_column vc_column_container"><div class="vc_column-inner"><div class="w-btn-wrapper align_center"><a class="w-btn us-btn-style_31" href="/capacitaciones/capacitaciones-tecnicas/"><span class="w-btn-label">Capacitaciones Técnicas</span></a></div></div></div></div><div class="w-separator size_medium"></div></div></div></div></div></section>

En este minisitio se encuentra un consolidado de ofertas de cursos validadas y recomendadas por ASIPLA, que están dirigidas a la industria del plástico y segmentadas en dos ámbitos: capacitaciones en sostenibilidad y técnicas. Los invitamos a revisar las ofertas, donde encontrarán un breve resumen del capacitador, los cursos que ofrecen y la información de...
